{"id":10606,"date":"2021-05-11T13:00:41","date_gmt":"2021-05-11T13:00:41","guid":{"rendered":"https:\/\/www.galerie-schmalfuss.de\/?page_id=10606"},"modified":"2022-11-02T16:12:55","modified_gmt":"2022-11-02T16:12:55","slug":"aktuelle-besucher-hinweise","status":"publish","type":"page","link":"https:\/\/www.galerie-schmalfuss.de\/index.php\/aktuelle-besucher-hinweise\/","title":{"rendered":"Aktuelle Besucherhinweise"},"content":{"rendered":"\n<p><strong>Schutz- und Hygienekonzept der Galerie SCHMALFUSS <span class=\"has-inline-color has-vivid-red-color\">BERLIN<\/span><\/strong><\/p>\n\n\n\n<p>Zum Schutz der Besuchenden und des Teams vor einer weiteren Ausbreitung von Covid-19 verpflichten wir uns, die folgenden Infektionsschutzgrunds\u00e4tze und Hygieneregeln einzuhalten.\u00a0<\/p>\n\n\n\n<ol class=\"wp-block-list\" type=\"1\"><li><strong><mark style=\"background-color:rgba(0, 0, 0, 0)\" class=\"has-inline-color has-vivid-red-color\">Handhygiene<\/mark><\/strong><br>Im Eingangsbereich der Galerie befindet sich ein Spender mit Desinfektionsmittel. Alle Personen werden aufgefordert beim Eintritt in die Galerie die H\u00e4nde mit Desinfektionsmittel zu reinigen.<\/li><li><strong><mark style=\"background-color:rgba(0, 0, 0, 0)\" class=\"has-inline-color has-vivid-red-color\">Mund-Nasenschutz<\/mark>\u00a0<\/strong><br>Das Tragen eines Mund-Nasenschutzes wird empfohlen.<\/li><li><strong><mark style=\"background-color:rgba(0, 0, 0, 0)\" class=\"has-inline-color has-vivid-red-color\">Abstandsregelung\u00a0<\/mark><\/strong><br>Auf die Einhaltung des Mindestabstandes von 1,5 m wird geachtet. Der Zugang zur Toilette darf jeweils nur von einer Person benutzt werden. <br>In den Galerier\u00e4umen wird die Anzahl der gleichzeitig anwesenden Personen auf 40 beschr\u00e4nkt.<\/li><li><mark style=\"background-color:rgba(0, 0, 0, 0)\" class=\"has-inline-color has-vivid-red-color\"><strong>Reinigung<\/strong>\u00a0<\/mark><br>Im Rahmen der Gesch\u00e4ftsreinigung werden die Reinigungsintervalle erh\u00f6ht und verst\u00e4rkt auf die Reinigung von T\u00fcrklinken, Sanit\u00e4reinrichtungen und \u00f6ffentlich zug\u00e4nglichen Oberfl\u00e4chen geachtet.<\/li><li><mark style=\"background-color:rgba(0, 0, 0, 0)\" class=\"has-inline-color has-vivid-red-color\"><strong>Handlungsanweisungen f\u00fcr Verdachtsf\u00e4lle<\/strong>\u00a0<\/mark><br>Personen, die sich k\u00f6rperlich offensichtlich unwohl f\u00fchlen, werden angesprochen und es wird gekl\u00e4rt, was die Ursache sein kann. Im Zweifel wird die Person gebeten die R\u00e4ume zu verlassen. Es erfolgt eine Aufforderung an die betroffenen Personen, sich umgehend in \u00e4rztliche Behandlung zu begeben oder das Gesundheitsamt zu kontaktieren.<\/li><li><strong><mark style=\"background-color:rgba(0, 0, 0, 0)\" class=\"has-inline-color has-vivid-red-color\">Ansprechperson bei Fragen\u00a0<\/mark><\/strong><br>Ansprechpartner zum Infektions- bzw. Hygieneschutz:<br>Michael W. Schmalfu\u00df<\/li><\/ol>\n","protected":false},"excerpt":{"rendered":"<p>Schutz- und Hygienekonzept der Galerie SCHMALFUSS BERLIN Zum Schutz der&#8230; <a class=\"mor_e-link\" href=\"https:\/\/www.galerie-schmalfuss.de\/index.php\/aktuelle-besucher-hinweise\/\">weiter<span class=\"screen-reader-text\">Aktuelle Besucherhinweise<\/span><\/a><\/p>\n","protected":false},"author":6,"featured_media":0,"parent":0,"menu_order":0,"comment_status":"closed","ping_status":"closed","template":"","meta":{"footnotes":""},"class_list":["post-10606","page","type-page","status-publish","hentry","entry"],"_links":{"self":[{"href":"https:\/\/www.galerie-schmalfuss.de\/index.php\/wp-json\/wp\/v2\/pages\/10606","targetHints":{"allow":["GET"]}}],"collection":[{"href":"https:\/\/www.galerie-schmalfuss.de\/index.php\/wp-json\/wp\/v2\/pages"}],"about":[{"href":"https:\/\/www.galerie-schmalfuss.de\/index.php\/wp-json\/wp\/v2\/types\/page"}],"author":[{"embeddable":true,"href":"https:\/\/www.galerie-schmalfuss.de\/index.php\/wp-json\/wp\/v2\/users\/6"}],"replies":[{"embeddable":true,"href":"https:\/\/www.galerie-schmalfuss.de\/index.php\/wp-json\/wp\/v2\/comments?post=10606"}],"version-history":[{"count":1,"href":"https:\/\/www.galerie-schmalfuss.de\/index.php\/wp-json\/wp\/v2\/pages\/10606\/revisions"}],"predecessor-version":[{"id":12303,"href":"https:\/\/www.galerie-schmalfuss.de\/index.php\/wp-json\/wp\/v2\/pages\/10606\/revisions\/12303"}],"wp:attachment":[{"href":"https:\/\/www.galerie-schmalfuss.de\/index.php\/wp-json\/wp\/v2\/media?parent=10606"}],"curies":[{"name":"wp","href":"https:\/\/api.w.org\/{rel}","templated":true}]}}