{"id":313,"date":"2011-09-19T14:10:28","date_gmt":"2011-09-19T14:10:28","guid":{"rendered":"http:\/\/schmalfuss.server2.pro-creative.de\/?page_id=313"},"modified":"2024-08-17T13:09:12","modified_gmt":"2024-08-17T13:09:12","slug":"marburg","status":"publish","type":"page","link":"https:\/\/www.galerie-schmalfuss.de\/index.php\/gallery\/marburg\/","title":{"rendered":"GALERIE MICHAEL W. SCHMALFUSS &#8211; Marburg"},"content":{"rendered":"\n<p>Die Galerie liegt im Herzen der Marburger Altstadt,&nbsp;nur rund 100 m von der gotischen Elisabethkirche entfernt.&nbsp;Die Galerier\u00e4ume erstrecken sich \u00fcber vier Ebenen mit mehr als 170 m\u00b2 Ausstellungsfl\u00e4che in zwei miteinander verbundenen historischen Fachwerkh\u00e4usern. Seit nunmehr 20 Jahren (Gr\u00fcndung der Marburger Galerie 2001) arbeiten wir vertrauensvoll mit weltweit anerkannten K\u00fcnstlern zusammen, die in \u00f6ffentlichen und privaten Sammlungen vertreten sind.<\/p>\n\n\n\n<p>Institutionen und Unternehmen steht die Galerie in beratender, kunstvermittelnder und organisatorischer Funktion zur Verf\u00fcgung.<\/p>\n\n\n\n<p>Bitte informieren Sie sich \u00fcber unsere Leistungen unter&nbsp;<strong><a href=\"http:\/\/www.galerie-schmalfuss.de\/index.php\/service\/\">SERVICE<\/a>.<\/strong><\/p>\n\n\n\n<p>Die Galerie ist Mitglied des&nbsp;<a href=\"http:\/\/www.lvgalerienh-rp.de\" target=\"_blank\" rel=\"noopener\">Galerienverbandes Hessen und Rheinland-Pfalz<\/a>&nbsp;und des Interessenverbandes der Galerien Rhein-Main sowie des&nbsp;<strong><a href=\"https:\/\/www.bvdg.de\/\" target=\"_blank\" rel=\"noopener\">Bundesverband Deutscher Galerien und Kunsth\u00e4ndler e.V<\/a>. &nbsp;<\/strong><\/p>\n\n\n\n<p>Alle unbesehen bei uns erworbene Werke k\u00f6nnen Sie jederzeit umtauschen oder innerhalb von 4 Wochen gegen R\u00fcckerstattung des Kaufpreises zur\u00fcckgeben.<\/p>\n\n\n\n<iframe src= \"https:\/\/cdn7.3dswissmedia.com\/360\/schmalfuss\/\" width=\"600\" height=\"500\"><\/iframe>\n","protected":false},"excerpt":{"rendered":"<p>Die Galerie liegt im Herzen der Marburger Altstadt,&nbsp;nur rund 100&#8230; <a class=\"mor_e-link\" href=\"https:\/\/www.galerie-schmalfuss.de\/index.php\/gallery\/marburg\/\">weiter<span class=\"screen-reader-text\">GALERIE MICHAEL W. SCHMALFUSS &#8211; Marburg<\/span><\/a><\/p>\n","protected":false},"author":1,"featured_media":0,"parent":16,"menu_order":0,"comment_status":"open","ping_status":"closed","template":"","meta":{"footnotes":""},"class_list":["post-313","page","type-page","status-publish","hentry","entry"],"_links":{"self":[{"href":"https:\/\/www.galerie-schmalfuss.de\/index.php\/wp-json\/wp\/v2\/pages\/313","targetHints":{"allow":["GET"]}}],"collection":[{"href":"https:\/\/www.galerie-schmalfuss.de\/index.php\/wp-json\/wp\/v2\/pages"}],"about":[{"href":"https:\/\/www.galerie-schmalfuss.de\/index.php\/wp-json\/wp\/v2\/types\/page"}],"author":[{"embeddable":true,"href":"https:\/\/www.galerie-schmalfuss.de\/index.php\/wp-json\/wp\/v2\/users\/1"}],"replies":[{"embeddable":true,"href":"https:\/\/www.galerie-schmalfuss.de\/index.php\/wp-json\/wp\/v2\/comments?post=313"}],"version-history":[{"count":2,"href":"https:\/\/www.galerie-schmalfuss.de\/index.php\/wp-json\/wp\/v2\/pages\/313\/revisions"}],"predecessor-version":[{"id":13918,"href":"https:\/\/www.galerie-schmalfuss.de\/index.php\/wp-json\/wp\/v2\/pages\/313\/revisions\/13918"}],"up":[{"embeddable":true,"href":"https:\/\/www.galerie-schmalfuss.de\/index.php\/wp-json\/wp\/v2\/pages\/16"}],"wp:attachment":[{"href":"https:\/\/www.galerie-schmalfuss.de\/index.php\/wp-json\/wp\/v2\/media?parent=313"}],"curies":[{"name":"wp","href":"https:\/\/api.w.org\/{rel}","templated":true}]}}