{"id":8246,"date":"2019-06-08T17:00:27","date_gmt":"2019-06-08T17:00:27","guid":{"rendered":"http:\/\/update.galerie-schmalfuss.de\/?page_id=8246"},"modified":"2022-09-23T03:39:51","modified_gmt":"2022-09-23T03:39:51","slug":"agb","status":"publish","type":"page","link":"https:\/\/www.galerie-schmalfuss.de\/index.php\/agb\/","title":{"rendered":"AGB"},"content":{"rendered":"\n<p><strong>Allgemeine Gesch\u00e4ftsbedingungen<\/strong><\/p>\n\n\n\n<p>I. Allgemeines<br>Unsere s\u00e4mtlichen &#8211; auch die zuk\u00fcnftigen &#8211; Lieferungen und Leistungen einschlie\u00dflich Beratungen, Vorschl\u00e4ge und sonstige Nebenleistungen erfolgen ausschlie\u00dflich aufgrund der nachstehenden Bedingungen, sofern sie nicht mit unserer ausdr\u00fccklichen schriftlichen Zustimmung abge\u00e4ndert oder ausgeschlossen werden. Entgegenstehenden Bedingungen des K\u00e4ufers oder Leistungsempf\u00e4ngers wird hiermit ausdr\u00fccklich widersprochen. Sie werden dann anerkannt, wenn wir ihnen nicht nochmals nach Eingang bei uns widersprochen haben.<br>Unsere Angebote sind freibleibend f\u00fcr Lieferungen, Leistungen und Preis. Die Annahme eines Auftrags erfolgt durch unsere schriftliche Auftragsbest\u00e4tigung oder durch Lieferung der entsprechenden Ware bzw. Erf\u00fcllung der in Auftrag gegebenen Leistung.<br>Der K\u00e4ufer bzw. Leistungsempf\u00e4nger h\u00e4lt sich an eine Bestellung bzw. Auftrag vier Wochen ab Eingang in unseren Gesch\u00e4ftsr\u00e4umen gebunden. Der Vertrag gilt als geschlossen, wenn wir die Bestellung innerhalb dieser Frist durch Auftragsbest\u00e4tigung angenommen oder die Lieferung bzw. Leistung ausgef\u00fchrt haben.<br>Auftr\u00e4ge f\u00fcr Verk\u00e4ufe und Leistungen m\u00fcssen schriftlich erteilt werden. Ein Vertrag kommt dann zustande, wenn diese Auftr\u00e4ge schriftlich best\u00e4tigt werden.<\/p>\n\n\n\n<p>II. Preise<br>Die Preise verstehen sich ab Marburg, zzgl. eventueller Transportverpackung, Fracht, bzw. Spedition und der im Zeitpunkt der Lieferung bzw. Leistungserbringung jeweils geltenden gesetzlichen Mehrwertsteuer. Sofern der K\u00e4ufer bzw. Leistungsempf\u00e4nger eine dar\u00fcber hinausgehende Versicherung w\u00fcnscht und uns hierzu angewiesen hat, sind die Versicherungspr\u00e4mien vom K\u00e4ufer bzw. Leistungsempf\u00e4nger zu erstatten.<br>Preisirrt\u00fcmer sind vorbehalten.<\/p>\n\n\n\n<p>III. Zahlungsbedingungen<br>Die Zahlungen f\u00fcr unsere Lieferungen und Leistungen erfolgen bei pers\u00f6nlichen \u00dcbergaben ohne jeden Abzug, bei Versand gegen Vorkasse bzw. Nachnahme.<br>Werden bei Auftragsbest\u00e4tigung andere Zahlungsbedingungen vereinbart, kommen diese zur Geltung.<br>Die Aufrechnung mit von uns bestrittenen Gegenanspr\u00fcchen des K\u00e4ufers oder Leistungsempf\u00e4ngers ist nicht statthaft. Zur\u00fcckbehaltungsrechte des K\u00e4ufer oder Leistungsempf\u00e4ngers werden &#8211; gleich aus welchem Grund und in welcher H\u00f6he &#8211; ausgeschlossen.<\/p>\n\n\n\n<p>IV. Lieferfristen und Termine<br>Vereinbarte Liefer- und Leistungszeiten beginnen mit dem Datum unserer Auftragsbest\u00e4tigung und beziehen sich auf den Zeitpunkt der Absendung ab Berlin, bei Verkauf von einem anderen Ort auf den Zeitpunkt der Absendung von diesem Ort. Sie gelten mit Meldung der Versandbereitschaft als eingehalten, wenn die Ware ohne unser Verschulden nicht rechtzeitig abgesendet werden kann. F\u00fcr verz\u00f6gerte oder unterbliebene Lieferungen, die von unserem Vorlieferanten von Ware bzw. Leistung verursacht sind, haben wir nicht einzustehen. Die Lieferfristen verl\u00e4ngern sich &#8211; unbeschadet unserer Rechte aus Verzug des K\u00e4ufers &#8211; um den Zeitraum, um den der K\u00e4ufer mit seinen Verpflichtungen aus diesen oder anderen Vertr\u00e4gen uns gegen\u00fcber in Verzug ist.<\/p>\n\n\n\n<p>Ereignisse h\u00f6herer Gewalt berechtigen uns, die Lieferung um die Dauer der Behinderung und einer angemessenen Anlaufzeit hinauszuschieben oder wegen des noch nicht erf\u00fcllten Teiles vom Vertrag ganz oder teilweise zur\u00fcckzutreten.<br>Der h\u00f6heren Gewalt stehen alle Umst\u00e4nde gleich, die die Lieferung wesentlich erschweren oder unm\u00f6glich machen, wie z. B. W\u00e4hrung- oder handelspolitische oder sonstige hoheitliche Ma\u00dfnahmen, Streiks, Aussperrungen, Betriebsst\u00f6rungen, schlechte Wetterprognosen sowie Behinderungen der Verkehrswege und zwar gleichg\u00fcltig, ob diese Umst\u00e4nde bei uns oder einem Unterlieferanten eintreten.<br>Der K\u00e4ufer kann von uns die Erkl\u00e4rung verlangen, ob wir zur\u00fccktreten oder innerhalb angemessener Frist liefern. Erkl\u00e4ren wir uns nicht, kann der K\u00e4ufer zur\u00fccktreten.<\/p>\n\n\n\n<p>V. Eigentumsvorbehalt<br>Alle gelieferten Waren bleiben unser Eigentum (Vorbehaltsware) bis zur Erf\u00fcllung s\u00e4mtlicher Forderungen, gleich aus welchem Rechtsgrund, einschlie\u00dflich der k\u00fcnftig entstehenden oder sp\u00e4ter abgeschlossenen Vertr\u00e4ge. Das gilt auch, wenn Zahlungen auf besonders bezeichnete Forderungen geleistet werden.<\/p>\n\n\n\n<p>VI. Gefahr\u00fcbergang<br>Mit der \u00dcbergabe der Ware an eine Spediteur oder Frachtf\u00fchrer, sp\u00e4testens mit Verlassen unseres Firmensitzes geht die Gefahr auf den K\u00e4ufer \u00fcber.<\/p>\n\n\n\n<p>VII. Gew\u00e4hrleistung<\/p>\n\n\n\n<ol class=\"wp-block-list\"><li>Bei der \u00dcbergabe der Ware oder Leistung ist der K\u00e4ufer oder Leistungsempf\u00e4nger verpflichtet, die Ware bzw. Leistung eingehend zu pr\u00fcfen und eventuelle M\u00e4ngel bzw. das Fehlen zugesicherter Eigenschaften schriftlich anzuzeigen.<\/li><li>Bei Fragen der Mangelhaftigkeit, der Art und G\u00fcte der gelieferten Werke bzw. Leistungen gelten die Gebr\u00e4uche des Kunsthandels.<\/li><li>Neben den zuvor geregelten Gew\u00e4hrleistungsanspr\u00fcchen sind weitere Anspr\u00fcche ausgeschlossen; dies gilt insbesondere f\u00fcr Anspr\u00fcche auf Ersatz von Sch\u00e4den, die nicht an der Ware selbst entstanden sind (Mangelfolgesch\u00e4den) es sei denn, der K\u00e4ufer sollte durch zugesicherte Eigenschaften gerade gegen derartige Sch\u00e4den abgesichert werden.<\/li><\/ol>\n\n\n\n<p>VIII. Haftungsbeschr\u00e4nkung<br>Schadensersatzanspr\u00fcche aus Unm\u00f6glichkeit der Leistung, aus positiver Forderungsverletzung, aus Verschuldung bei Vertragsschluss und aus unerlaubter Handlung sind sowohl gegen uns als auch gegen unsere Erf\u00fcllungs- bzw. Verrichtungsgehilfen ausgeschlossen, soweit nicht vors\u00e4tzliches oder grobfahrl\u00e4ssiges Handeln vorliegt (z.B. Leistungen die direkt vom K\u00e4ufer so zur Ausf\u00fchrung nachweislich angegeben wurden, wie sie dann ausgef\u00fchrt sind) werden von uns keinerlei Haftung \u00fcbernommen.<\/p>\n\n\n\n<p>IX. Anwendbares Recht, Erf\u00fcllungsort, Gerichtsstand, Teilnichtigkeit<\/p>\n\n\n\n<ol class=\"wp-block-list\"><li>F\u00fcr diese Gesch\u00e4ftsbeziehungen und die gesamte Rechtsbeziehungen zwischen den Parteien gilt das Recht der Bundesrepublik Deutschland. Die Anwendung des einheitlichen internationalen Kaufrechts des Haager Kaufrechtsabkommen wird jedoch ausdr\u00fccklich ausgeschlossen.<\/li><li>Erf\u00fcllungsort f\u00fcr s\u00e4mtliche sich aus dem Vertrag ergebenden Pflichten ist Marburg. Soweit gesetzlich zul\u00e4ssig, ist der Gerichtsstand f\u00fcr sich aus dem Vertragsverh\u00e4ltnis unmittelbar oder mittelbar ergebenen Streitigkeiten Marburg. Wir sind auch berechtigt, den Vertragspartner an seinem allgemeinen Gerichtsstand zu verklagen.<\/li><li>Sollten einzelne Bestimmungen dieser Verkaufs-, Liefer- und Zahlungsbestimmungen ganz oder teilweise unwirksam sein, so bleiben diese Bedingungen im \u00dcbrigen voll wirksam.<\/li><\/ol>\n","protected":false},"excerpt":{"rendered":"<p>Allgemeine Gesch\u00e4ftsbedingungen I. AllgemeinesUnsere s\u00e4mtlichen &#8211; auch die zuk\u00fcnftigen &#8211;&#8230; <a class=\"mor_e-link\" href=\"https:\/\/www.galerie-schmalfuss.de\/index.php\/agb\/\">weiter<span class=\"screen-reader-text\">AGB<\/span><\/a><\/p>\n","protected":false},"author":1,"featured_media":0,"parent":0,"menu_order":0,"comment_status":"closed","ping_status":"closed","template":"","meta":{"footnotes":""},"class_list":["post-8246","page","type-page","status-publish","hentry","entry"],"_links":{"self":[{"href":"https:\/\/www.galerie-schmalfuss.de\/index.php\/wp-json\/wp\/v2\/pages\/8246","targetHints":{"allow":["GET"]}}],"collection":[{"href":"https:\/\/www.galerie-schmalfuss.de\/index.php\/wp-json\/wp\/v2\/pages"}],"about":[{"href":"https:\/\/www.galerie-schmalfuss.de\/index.php\/wp-json\/wp\/v2\/types\/page"}],"author":[{"embeddable":true,"href":"https:\/\/www.galerie-schmalfuss.de\/index.php\/wp-json\/wp\/v2\/users\/1"}],"replies":[{"embeddable":true,"href":"https:\/\/www.galerie-schmalfuss.de\/index.php\/wp-json\/wp\/v2\/comments?post=8246"}],"version-history":[{"count":0,"href":"https:\/\/www.galerie-schmalfuss.de\/index.php\/wp-json\/wp\/v2\/pages\/8246\/revisions"}],"wp:attachment":[{"href":"https:\/\/www.galerie-schmalfuss.de\/index.php\/wp-json\/wp\/v2\/media?parent=8246"}],"curies":[{"name":"wp","href":"https:\/\/api.w.org\/{rel}","templated":true}]}}